= 2*c**2 - 3*c + 4. Determine s(2).
6
Let p(c) = c - 1. Calculate p(3).
2
Let h(p) = 2*p - 4. Give h(4).
4
Let b(y) = -30*y + 845. Calculate b(28).
5
Let j(m) = m**3 + 2*m**2 - 3*m. Give j(2).
10
Let r(j) = j**3 + 10*j**2 + j + 11. Give r(-10).
1
Let d(j) = 3*j**2 - 14*j + 19. Calculate d(5).
24
Let r(s) = 10*s - 66. Determine r(9).
24
Let b(p) = p**3 - 3*p**2 - 5*p - 3. What is b(-1)?
-2
Let g(v) = -28*v**2 - 84*v + 1. Calculate g(-3).
1
Let h(m) = -m**3 + 17*m**2 - 2*m + 36. Determine h(17).
2
Let n(l) = -54*l**3 + 2*l**2 - 2*l + 1. Give n(1).
-53
Let l(s) = -2*s**2 - 13*s + 2. Calculate l(-5).
17
Let t(q) = -3*q**2 + q + 4. Determine t(5).
-66
Let t(q) = -3*q + 41. What is t(22)?
-25
Let j(a) = -a**3 + 7*a**2 - 3*a - 9. Calculate j(5).
26
Let i(h) = h**3 - 4*h + 1. What is i(-3)?
-14
Let w(i) = 20*i - 134. Give w(6).
-14
Let a(s) = -19*s - 99. Give a(-5).
-4
Let y(i) = i**2 - 58*i + 670. Determine y(16).
-2
Let n(p) = -p**3 + 7*p**2 + 5*p - 4. Calculate n(8).
-28
Let i(t) = -t**2 - t - 1. Determine i(-5).
-21
Let d(z) = -3*z**3 + 5*z**2 - 2*z - 1. Give d(3).
-43
Let q(n) = 8*n + 1. Give q(-1).
-7
Let h(g) = -g**2 - 16*g - 16. Give h(-15).
-1
Let g(q) = 6*q + 19. Calculate g(8).
67
Let i(j) = 30*j - 5. What is i(2)?
55
Let g(j) = 4*j - 6. Give g(-4).
-22
Let i(o) = -o**2 + 11*o - 29. Calculate i(4).
-1
Let v(u) = u**3 + 4*u**2 - 6*u + 4. Determine v(-5).
9
Let y(x) = 4*x**2 + 64*x - 13. Determine y(-16).
-13
Let q(y) = 12*y - 39. Calculate q(11).
93
Let s(r) = -r**2 + 2. What is s(-5)?
-23
Let r(t) = t**3 + 13*t**2 + 12*t - 17. What is r(-12)?
-17
Let d(h) = -h**2 + 20*h + 13. Calculate d(21).
-8
Let p(w) = -2*w**3 - 14*w**2 - 11*w + 6. Calculate p(-6).
0
Let v(l) = l**3 - 6*l**2 + 8. Give v(6).
8
Let g(c) = -c**2 - 32*c - 105. Calculate g(-28).
7
Let s(n) = -n**2 + 8*n - 32. What is s(7)?
-25
Let s(g) = g**2 + 4*g - 9. Give s(-5).
-4
Let x(v) = -v**3 + 9*v**2 + 3*v - 7. What is x(9)?
20
Let n(t) = -t**3 + 15*t**2 - 17*t - 7. Calculate n(14).
-49
Let z(f) = f**3 + 10*f**2 - f - 10. Calculate z(-10).
0
Let l(f) = -f - 30. Give l(-29).
-1
Let y(k) = -k**3 + 15*k**2 - 16*k + 18. What is y(14)?
-10
Let t(l) = l - 7. Calculate t(15).
8
Let u(j) = j**2 - 15*j + 26. Determine u(9).
-28
Let t(n) = -n + 16. Calculate t(15).
1
Let z(m) = 46*m + 3. Give z(-1).
-43
Let l(b) = -43*b**2 - b. What is l(-1)?
-42
Let t(q) = q**2 - 4*q - 30. What is t(-4)?
2
Let u(a) = 31*a**2 + a - 1. Give u(1).
31
Let u(j) = 5*j - 2. Determine u(-4).
-22
Let r(i) = i - 15. Determine r(6).
-9
Let j(s) = -s**3 + 8*s**2 - 6*s - 7. Give j(5).
38
Let p(l) = -l**2 - 11*l - 3. Determine p(-11).
-3
Let m(d) = 7*d + 83. What is m(-12)?
-1
Let p(r) = 5*r**3 - r**2 + 2*r + 4. Determine p(-1).
-4
Let q(d) = -d**3 - 18*d**2 + 5*d + 76. Determine q(-18).
-14
Let b(f) = -f**2 + 2*f - 3. What is b(3)?
-6
Let x(k) = -6*k**2 + 60*k + 6. What is x(10)?
6
Let d(p) = -p**3 + 11*p**2 + 30*p - 45. Calculate d(13).
7
Let p(f) = -f**3 - 16*f**2 + 22*f + 90. What is p(-17)?
5
Let x(y) = y + 16. Calculate x(-10).
6
Let f(j) = -2*j**3 + 2*j**2 + 7*j - 2. Give f(3).
-17
Let j(b) = b**2 - 4*b - 160. Give j(-11).
5
Let y(a) = 3*a**2 + 1. Calculate y(7).
148
Let b(d) = -d**2 - 4*d + 8. Determine b(5).
-37
Let p(u) = 2*u**2 - 12*u + 13. Give p(5).
3
Let n(q) = -q**3 - 9*q**2 - 11*q + 6. Calculate n(-8).
30
Let z(c) = -3*c**2 - 12*c - 11. Give z(-5).
-26
Let o(x) = x**3 + 6*x**2 - 2*x + 1. Calculate o(-6).
13
Let c(d) = d**2 - 14*d + 9. What is c(9)?
-36
Let a(q) = 4*q - 13. Determine a(11).
31
Let s(a) = -73*a + 1. Give s(1).
-72
Let q(n) = -n**3 - 12*n**2 - 23*n + 23. What is q(-9)?
-13
Let n(h) = -h**3 - h**2 - 2*h - 4. What is n(0)?
-4
Let b(d) = d**2 - 15*d - 18. Calculate b(15).
-18
Let a(y) = y**2 - 26*y - 14. What is a(26)?
-14
Let b(q) = 60*q - 536. Calculate b(9).
4
Let a(u) = -u**3 + 7*u**2 + 8*u + 8. Determine a(8).
8
Let p(u) = -3*u - 42. Calculate p(-8).
-18
Let i(f) = f**2 - f. Calculate i(4).
12
Let a(w) = -w**3 - 11*w**2 - 12*w + 4. What is a(-9)?
-50
Let h(q) = 9*q - 20. Calculate h(8).
52
Let a(m) = -4*m + 3. Calculate a(2).
-5
Let p(f) = f**2 + 4*f - 5. Determine p(4).
27
Let w(d) = d**3 - 8*d**2 + 7*d - 3. Determine w(7).
-3
Let j(c) = c + 2. Calculate j(-2).
0
Let h(w) = w**2 + 5. What is h(-4)?
21
Let w(j) = 4*j + 16. What is w(7)?
44
Let v(g) = 29*g + 719. What is v(-25)?
-6
Let f(d) = 6*d + 9. Calculate f(-3).
-9
Let i(y) = -y**3 + 4*y**2 + 2*y + 1. What is i(5)?
-14
Let w(g) = g**3 - 4*g**2 - 4*g + 6. Calculate w(3).
-15
Let m(q) = 41*q**3 + q**2 + 2*q + 1. Calculate m(-1).
-41
Let w(y) = -82*y - 16. What is w(-2)?
148
Let m(q) = -q**3 + 4*q + 9. What is m(5)?
-96
Let k(f) = f**3 - 22*f**2 + 20*f + 17. Determine k(21).
-4
Let i(s) = -s - 11. Give i(5).
-16
Let j(i) = -i**2 - 3*i - 135. Determine j(0).
-135
Let l(g) = g**3 + 6*g**2 + 2*g + 8. What is l(-6)?
-4
Let u(h) = 12*h**2 + 53*h + 13. What is u(-4)?
-7
Let b(u) = -21*u + 34. Determine b(2).
-8
Let l(d) = -d**2 + 10*d + 25. What is l(12)?
1
Let v(j) = -38*j + 30. What is v(1)?
-8
Let d(n) = n**3 - 6*n. Give d(3).
9
Let o(d) = d**3 - d**2 + 26. Give o(0).
26
Let p(g) = 23*g**2 - g - 1. Determine p(1).
21
Let z(h) = -8*h - 93. Give z(-13).
11
Let z(f) = -2*f - 7. Determine z(-7).
7
Let g(x) = -24*x - 55. Determine g(-2).
-7
Let n(o) = -o**3 - 10*o**2 + 10*o - 23. What is n(-11)?
-12
Let t(m) = -115*m + 2762. What is t(24)?
2
Let r(g) = g**2 + 24*g - 35. Calculate r(-24).
-35
Let q(v) = 2*v + 27. What is q(-16)?
-5
Let v(f) = 4*f + 10. Give v(10).
50
Let d(j) = -48*j - 87. Determine d(-2).
9
Let k(c) = -5*c - 19. Determine k(-6).
11
Let l(y) = -12*y**3 + 4*y - 4. Determine l(1).
-12
Let n(b) = -2*b + 22. Give n(11).
0
Let i(c) = c**3 + 5*c**2 + 5*c - 3. Determine i(-4).
-7
Let g(n) = -n**3 - 15*n**2 - 1. What is g(-15)?
-1
Let h(y) = -y**3 + 9*y**2 - 11*y + 12. Give h(8).
-12
Let j(y) = y - 63. Calculate j(-25).
-88
Let z(l) = -l**3 + 20*l**2 - 11. Calculate z(20).
-11
Let u(i) = 2*i - 37. Determine u(16).
-5
Let f(g) = g**3 + 33*g**2 - 31*g + 110. Determine f(-34).
8
Let v(g) = g**3 + 2*g - 18. Give v(0).
-18
Let p(b) = -2*b**2 + 8*b + 4. Determine p(4).
4
Let b(d) = 2*d**3 + 10*d**2 + 4*d - 3. Give b(-4).
13
Let f(p) = 8*p + 217. Determine f(-26).
9
Let c(j) = 4*j**2 + 13*j - 21. Calculate c(-4).
-9
Let n(p) = -p - 35. Determine n(-7).
-28
Let a(g) = -g**3 + 5*g**2 + 6*g + 17. Give a(6).
17
Let y(m) = 3*m + 35. Calculate y(-15).
-10
Let r(i) = -i**2 + 9. Calculate r(0).
9
Let u(m) = -m**3 - 10*m**2 - 6*m. What is u(-9)?
-27
Let s(d) = d + 10. Give s(-17).
-7
Let l(h) = 37*h**3 - h + 1. Give l(1).
37
Let x(z) = z**2 + 13*z - 32. What is x(-14)?
-18
Let z(j) = 2*j**3 + j**2 - 3*j + 3. What is z(-2)?
-3
Let r(t) = t**3 + t**2 + 2*t + 4. Determine r(-2).
-4
Let z(x) = 4*x**2 + 35*x - 3. Calculate z(-9).
6
Let l(a) = -3*a**3 - 2*a**2 + 3*a. What is l(-3)?
54
Let j(n) = n**3 - 33*n**2 - 6. Determine j(33).
-6
Let s(j) = -6*j - 16. What is s(-4)?
8
Let m(w) = -w**3 + 8*w**2 + 7*w + 9. What is m(9)?
-9
Let t(p) = -2*p + 8. Calculate t(7).
-6
Let m(g) = 2*g + 6. Give m(-8).
-10
Let v(n) = -n**3 - 6*n**2 + 5*n - 9. Determine v(-7).
5
Let u(l) = -l**2 - 12*l - 3. What is u(-11)?
8
Let k(i) = -i**3 - 9*i**2 - i - 11. Determine k(-9).
-2
Let a(v) = -2*v - 24. Give a(-9).
-6
Let r(p) = p**3 - 11*p**2 - 11*p - 10. What is r(12)?
2
Let t(u) = u**3 - u**2 - 3*u - 197. Give t(0).
-197
Let p(k) = k**3 + 22*k**2 + 17*k - 93. Give p(-21).
-9
Let s(a) = 5*a + 5. Calculate s(-8).
-35
Let w(t) = 21*t + 372. What is w(-18)?
-6
Let y(l) = -4*l + 19. What is y(12)?
-29
Let v(y) = 3*y - 16. Give v(7).
5
Let q(a) = -2*a**2 - 34*a - 131. Calculate q(-7).
9
Let g(f) = -f**3 - 4*f**2 + 6*f - 6. Determine g(-4).
-30
Let y(g) = g**2 + 9*g. Calculate y(-10).
10
Let o(v) = 14*v - 146. Determine o(11).
8
Let y(i) = -i**2 + 7*i + 20. Give y(-10).
-150
Let o(u) = -3*u + 14. Determine o(10).
-16
Let c(w) = -w**2 + 11*w + 3. Calculate c(11).
3
Let r(x) = x**3 + 6*x**2 - 3*x + 3. What is r(-6)?
21
Let w(a) = -3*a**2 + 3*a - 4. Determine w(3).
-22
Let p(q) = 30*q + 160. Determine p(-6).
-20
Let i(h) = 4*h**2 - 101*h + 45. What is i(25)?
20
Let i(d) = -d**3 - 9*d**2 + 5*d - 34. Calculate i(-10).
16
Let d(l) = l + 4. Determine d(-11).
-7
Let w(d) = 2*d**3 + 12*d**2 +